ommon factor of v and j.
34
Let f be (-94)/(-14) + (-10)/(-35). Suppose 4*y + 3*u = 597, -4*y + f*u - 2*u = -605. Calculate the highest common divisor of 60 and y.
30
Let u(g) = -3*g**2 - 19*g + 8. Let a be u(-6). Suppose -h + a = 11. Suppose -252 = -h*s - 3*s. Calculate the highest common factor of 21 and s.
21
Let v be (598 - 499)/(2 - 1). What is the highest common factor of 26037 and v?
99
Suppose -319 = 144*x - 143*x. Let y = x + 335. Calculate the highest common divisor of 24 and y.
8
Let v = -4097 + 7547. Calculate the greatest common factor of 650 and v.
50
Suppose -5*c + 5*s - 495 = 0, -3*c - 2*s - 297 = -3*s. Let n = -45 - c. What is the highest common divisor of n and 189?
27
Let q = 4562 - 3319. What is the greatest common divisor of 33 and q?
11
Let i be -5 - (3 - 1) - (-39 - -3). What is the greatest common factor of 377 and i?
29
Let d(p) = -p**2 - 55*p - 702. Let i be d(-33). Let z(f) = -9*f + 8. Let c be z(-10). Let y = -50 + c. Calculate the highest common divisor of i and y.
24
Let b = 3 - -422. Let x = 546 + -291. Calculate the highest common factor of b and x.
85
Let u be (4/(-5))/(20/50) - -6. Suppose -4*g - 2*q + 230 = 0, 14 = -u*q - 6. Calculate the greatest common factor of g and 12.
12
Suppose 10*o - 445 = 35. Suppose 0 = 5*a + 2 + 3. Let x be (441/12)/3 + a/4. Calculate the greatest common divisor of x and o.
12
Let a(h) = 113*h - 82. Let y be a(2). Suppose -l + y = 3*c, 197 = 3*l + c - 211. What is the greatest common divisor of l and 90?
45
Let w = -118 + 276. Let h = -146 + w. What is the greatest common factor of 204 and h?
12
Let s be (-39)/52 - 1329/(-12). Suppose -34 = -4*x - 2*c, 0*x + 69 = 4*x - 5*c. Calculate the highest common divisor of x and s.
11
Suppose -225*y = -228*y + 3*s + 1497, 3*s = -y + 483. Calculate the highest common divisor of 1035 and y.
45
Let y = 147 + 470. Let k = y - 342. What is the greatest common divisor of k and 50?
25
Let l be 410/(-8)*192/(-40). Let y = 276 - l. Calculate the greatest common factor of 105 and y.
15
Suppose 108 = 11681*d - 11645*d. Calculate the highest common factor of 4146 and d.
3
Let s = -11566 + 25643. What is the greatest common divisor of s and 7?
7
Let x(c) = c**2 + 7*c - 322. Let f be x(-22). What is the greatest common divisor of f and 1448?
8
Suppose 0 = 2*k - 5*n + 3, 10*k - 7*k - 2*n - 1 = 0. Suppose -b + 19 = -45. Calculate the highest common divisor of k and b.
1
Suppose -v + 15*v = 9157 - 8387. Suppose -4*q - 2*x - x = -18, -4*x + 8 = 0. Suppose -n - q*n = -44. Calculate the greatest common divisor of v and n.
11
Let v(b) = 60*b + 220. Let z be v(0). Calculate the highest common factor of z and 10.
10
Let b(z) = 65*z - 1. Let f be b(5). Let m be f/48 + (-2)/(-8). Let x = 621 + -544. What is the highest common factor of m and x?
7
Let j = -19838 - -19846. Calculate the greatest common divisor of 268 and j.
4
Let g(a) = 2*a**2 + 12*a + 23. Let o be g(-3). Suppose 2*q - 86 = -4*f + f, -o*q + 241 = f. What is the greatest common factor of q and 14?
7
Let b(g) = 239*g + 2761. Let u be b(-7). Calculate the highest common divisor of u and 238.
34
Let x be -4 + 12/(-48)*-88. Calculate the highest common factor of x and 45.
9
Let v = -2593 + 2641. What is the highest common divisor of v and 736?
16
Suppose -12711 = 70*a - 293*a. What is the greatest common factor of 551 and a?
19
Suppose -6 = -3*b, -99*b + 97*b - 4616 = -3*x. Calculate the greatest common divisor of x and 22.
22
Let r = -7513 - -7646. Calculate the greatest common divisor of 323 and r.
19
Let n be (-27)/45 - 12/(-20). Suppose -25*q + 45*q - 660 = n. Let z(f) = 34*f - 3. Let a be z(3). What is the highest common factor of a and q?
33
Suppose 206 = -3*s + 26. Let d be (2/5)/(116/s + 2). Let m be (1 - -2) + d + 2. What is the highest common factor of 99 and m?
11
Suppose 0*j = j + b + 1, -14 = 2*j + 5*b. Suppose 58 = -j*p + 172. Suppose 475 = 2*a + 3*a. Calculate the greatest common divisor of p and a.
19
Suppose -t + 2 = 0, -5*j + 10*j = -t + 122. Calculate the highest common divisor of j and 1592.
8
Let y(h) = 3*h**2 - 76*h - 1792. Let b be y(-22). Calculate the highest common divisor of 518 and b.
74
Suppose m + 4*p - 442 = 0, -2*p - 454 = -m - 0*m. Suppose 1641*s = 1655*s - 19278. Let h = 1427 - s. What is the greatest common divisor of h and m?
50
Suppose -4000 = 16*h - 26*h. Suppose 2182 = 6*l + h. Calculate the highest common factor of 11 and l.
11
Let i be (-7)/(21/12) + 4. Suppose 0 = -i*o + 4*o + 20. Let p = 7 + o. What is the greatest common divisor of 5 and p?
1
Let x = 237 - 235. Suppose -4 = -0*u + 3*u + 2*n, -x*u = -n - 9. Calculate the highest common divisor of u and 9.
1
Let s = 3056 + -3012. Suppose 2*f = 5*l + 3*f - 77, 5*f - 49 = -4*l. What is the greatest common divisor of s and l?
4
Let v(t) = 12*t**2 + 62*t + 412. Let s be v(-16). Calculate the highest common factor of s and 7.
7
Let d(a) = 2*a**2 + 2*a - 24. Let i be d(4). Suppose -i*q + 345 = -167. Calculate the greatest common factor of q and 3.
1
Suppose 1551 = -9*o + 1668. Suppose 5*j - 2371 = -291. What is the highest common factor of o and j?
13
Suppose -5*i + 4*j = -28, 5*i - 10*j + 7*j = 26. Suppose 125*g = 121*g + 5*a + 785, -3*g = -i*a - 589. Calculate the greatest common factor of g and 104.
13
Let q = -25 - -12. Let k = -4 - q. Let r be (k/((-18)/8))/(4/(-46)). Calculate the greatest common factor of 69 and r.
23
Let m be -11 - (-81 - (-5 + 14)). What is the greatest common factor of m and 553?
79
Suppose -m = -l + 5*l + 3, 12 = 2*m + 2*l. Let o = 37220 + -37067. Calculate the greatest common divisor of m and o.
9
Suppose 5*i + m - 13 = 5*m, 5*m + 10 = 0. Let f(k) = 20*k - 2. Let w be f(i). What is the highest common factor of w and 261?
9
Let p = -142 - -273. Let v(c) = -79*c**2 - 1. Let a be v(1). Let t = a + p. What is the greatest common factor of t and 34?
17
Let j = 49259 - 48630. Let f = -38 + 55. What is the greatest common factor of f and j?
17
Let s = 18181 - 18063. What is the highest common divisor of s and 6195?
59
Let j(r) = -3*r**2 - 231*r - 2484. Let c be j(-13). What is the highest common factor of c and 3693?
3
Let i be 4781 + (-4)/((-1 + 5)/2). Calculate the highest common factor of 177 and i.
177
Let p = 9673 - 9666. Let k = 21 + 0. Calculate the greatest common divisor of p and k.
7
Let i(t) = -7*t**3 - t**2 - t - 1. Let h be i(-1). Let n(x) = 25*x - 106. Let y be n(h). Calculate the greatest common factor of 11 and y.
11
Let n = -445 - -192. Let i = -231 - n. Let l(h) = -h + 22. Let p be l(0). Calculate the greatest common factor of p and i.
22
Suppose a - 15 = 7. Let u(j) = -245*j - 27 + 123*j + 84*j. Let w be u(-1). What is the greatest common factor of w and a?
11
Let f(y) = 124*y - 578. Let c be f(5). What is the greatest common factor of 777 and c?
21
Suppose 3*g + 6 - 42 = 0. Let s = 16 - g. Suppose 7*p = -5*f + 4*p + 45, s*f + 3*p - 39 = 0. Calculate the highest common factor of f and 15.
3
Suppose 4*b = 16, -31*w - 75 = -34*w - 3*b. Calculate the highest common factor of w and 119.
7
Let d be 1272/20 - (-4)/10. Suppose 323*p - 38018 = 12*p + 11742. What is the greatest common factor of d and p?
32
Let p(k) = -2*k**3 - 2*k**2 - 6*k - 6. Let o be p(-1). Suppose o*u - 6*u = -594. What is the highest common factor of 165 and u?
33
Suppose 0 = 73*b - 66*b - 714. Calculate the greatest common divisor of 833 and b.
17
Suppose 16 = t - 5*h, 0*t - 4*h - 29 = t. Let d be 12/t*9/6. Let z be (-9)/(-6) - d/(-4)*-3. What is the greatest common factor of 15 and z?
3
Suppose 25*q - 26990 = 5*q - 2*l, -3*l - 6765 = -5*q. Calculate the highest common factor of 1950 and q.
150
Let h(c) = -2*c**3 - 2*c**2 + 12*c + 2. Let j be h(2). Suppose -y + 207 = 2*o + j*y, 4*y = 4*o - 444. Calculate the greatest common divisor of o and 180.
36
Let m(i) = -4*i**2 - 131*i - 905. Let b be m(-10). Calculate the greatest common factor of b and 535.
5
Let t be (-25)/(-10)*((-16)/(-20) - 4) + 22600. What is the greatest common factor of 64 and t?
64
Suppose 129 = 2*f - q - 94, 0 = -3*f + 2*q + 331. What is the greatest common factor of f and 9085?
115
Suppose 8*o - 2761 - 39 = 0. Let i = 504 + -476. What is the highest common divisor of o and i?
14
Let c be ((-2400)/(-5) + 6)/(3 + -1). Calculate the highest commo